 of 1735566.
2, 3, 7, 31, 43
What are the prime factors of 3110196?
2, 3, 259183
List the prime factors of 34910237.
47, 359, 2069
What are the prime factors of 58964?
2, 14741
What are the prime factors of 3334120?
2, 5, 19, 41, 107
List the prime factors of 53937.
3, 13, 461
List the prime factors of 239467.
43, 5569
What are the prime factors of 1617250?
2, 5, 6469
List the prime factors of 1418126.
2, 31, 89, 257
What are the prime factors of 1021869?
3, 37847
What are the prime factors of 2449?
31, 79
What are the prime factors of 31017?
3, 7, 211
What are the prime factors of 2756426?
2, 37, 193
List the prime factors of 109711.
7, 2239
What are the prime factors of 3978816?
2, 3, 17, 23, 53
What are the prime factors of 4153912?
2, 7, 74177
What are the prime factors of 14120?
2, 5, 353
What are the prime factors of 165704?
2, 7, 11, 269
List the prime factors of 3373446.
2, 3, 17, 33073
List the prime factors of 6157340.
2, 5, 7, 61, 103
What are the prime factors of 4180482?
2, 3, 37, 6277
List the prime factors of 2377255.
5, 43, 11057
What are the prime factors of 221868?
2, 3, 6163
What are the prime factors of 2223939?
3, 23, 167, 193
What are the prime factors of 9198694?
2, 167, 27541
What are the prime factors of 2956082?
2, 1049, 1409
What are the prime factors of 587600?
2, 5, 13, 113
List the prime factors of 31841.
17, 1873
What are the prime factors of 7321558?
2, 487, 7517
What are the prime factors of 530474?
2, 7, 5413
What are the prime factors of 1445885?
5, 7, 109, 379
What are the prime factors of 549992?
2, 68749
What are the prime factors of 856475?
5, 34259
What are the prime factors of 3045258?
2, 3, 169181
What are the prime factors of 21403?
17, 1259
What are the prime factors of 936723?
3, 312241
What are the prime factors of 3779111?
7, 277, 1949
What are the prime factors of 11585561?
13, 269, 3313
What are the prime factors of 10656846?
2, 3, 157, 419
What are the prime factors of 20471428?
2, 79, 64783
What are the prime factors of 1002095?
5, 29, 6911
What are the prime factors of 6886218?
2, 3, 37, 31019
List the prime factors of 6385706.
2, 1289, 2477
What are the prime factors of 1375885?
5, 7, 19, 2069
List the prime factors of 601325.
5, 67, 359
What are the prime factors of 324843?
3, 19, 41, 139
List the prime factors of 13598437.
13598437
What are the prime factors of 1808343?
3, 200927
What are the prime factors of 14506?
2, 7253
What are the prime factors of 2955993?
3, 985331
What are the prime factors of 5009560?
2, 5, 17, 53, 139
What are the prime factors of 5422562?
2, 19, 142699
What are the prime factors of 862386?
2, 3, 7, 20533
What are the prime factors of 979853?
7, 19997
List the prime factors of 662691.
3, 220897
What are the prime factors of 747632?
2, 46727
List the prime factors of 11197637.
11, 547, 1861
List the prime factors of 2016308.
2, 7, 107, 673
What are the prime factors of 571597?
13, 43969
List the prime factors of 3310987.
3310987
List the prime factors of 247541.
7, 35363
What are the prime factors of 243298?
2, 11, 11059
List the prime factors of 18328160.
2, 5, 19, 6029
What are the prime factors of 9998139?
3, 3332713
What are the prime factors of 18048212?
2, 7, 13, 179, 277
What are the prime factors of 1884115?
5, 376823
What are the prime factors of 23153911?
11, 2104901
What are the prime factors of 17566107?
3, 13, 450413
List the prime factors of 2777692.
2, 97, 7159
What are the prime factors of 8105848?
2, 29, 34939
List the prime factors of 78788.
2, 19697
What are the prime factors of 1798400?
2, 5, 281
List the prime factors of 113976.
2, 3, 1583
What are the prime factors of 37247?
7, 17, 313
What are the prime factors of 32824343?
19, 1727597
What are the prime factors of 221165?
5, 7, 71, 89
What are the prime factors of 711258?
2, 3, 118543
What are the prime factors of 165410?
2, 5, 7, 17, 139
What are the prime factors of 8277850?
2, 5, 7, 67, 353
List the prime factors of 3030201.
3, 336689
What are the prime factors of 2016997?
2016997
What are the prime factors of 2362391?
523, 4517
List the prime factors of 1510657.
101, 14957
What are the prime factors of 253156?
2, 19, 3331
What are the prime factors of 4932025?
5, 7, 28183
List the prime factors of 2535878.
2, 1267939
List the prime factors of 408247.
7, 58321
What are the prime factors of 7482851?
131, 239
List the prime factors of 11973316.
2, 31, 223, 433
List the prime factors of 14819885.
5, 2963977
What are the prime factors of 5258602?
2, 131, 20071
What are the prime factors of 22180?
2, 5, 1109
What are the prime factors of 3064035?
3, 5, 13, 19, 827
List the prime factors of 2231285.
5, 7, 37, 1723
What are the prime factors of 17120?
2, 5, 107
List the prime factors of 47615.
5, 89, 107
What are the prime factors of 1369505?
5, 273901
What are the prime factors of 1103043?
3, 47, 7823
List the prime factors of 3058792.
2, 11, 34759
List the prime factors of 4726082.
2, 2363041
What are the prime factors of 20542776?
2, 3, 181, 4729
What are the prime factors of 24769413?
3, 23, 119659
What are the prime factors of 136599?
3, 45533
What are the prime factors of 19507?
19507
List the prime factors of 15508745.
5, 7, 9043
What are the prime factors of 719262?
2, 3, 31, 1289
List the prime factors of 2159.
17, 127
What are the prime factors of 361814?
2, 180907
List the prime factors of 260791.
260791
List the prime factors of 268766.
2, 61, 2203
List the prime factors of 1194489.
3, 132721
List the prime factors of 59879.
59879
List the prime factors of 1284686.
2, 13, 49411
What are the prime factors of 7065667?
7, 179, 5639
List the prime factors of 3679982.
2, 1839991
List the prime factors of 487398.
2, 3, 81233
List the prime factors of 26892601.
47, 572183
What are the prime factors of 324917?
101, 3217
List the prime factors of 5544233.
167, 33199
What are the prime factors of 10105959?
3, 101, 33353
List the prime factors of 7033123.
43, 163561
List the prime factors of 221326.
2, 7, 15809
What are the prime factors of 14492391?
3, 4830797
What are the prime factors of 6826244?
2, 19, 89819
What are the prime factors of 1797303?
3, 137, 4373
List the prime factors of 328799.
277, 1187
List the prime factors of 195775.
5, 41, 191
List the prime factors of 166767.
3, 55589
List the prime factors of 1290577.
61, 21157
List the prime factors of 13029860.
2, 5, 43, 109, 139
What are the prime factors of 1239562?
2, 23, 26947
What are the prime factors of 89527?
89527
List the prime factors of 438684.
2, 3, 139, 263
List the prime factors of 282070.
2, 5, 67, 421
List the prime factors of 614539.
29, 21191
List the prime factors of 2084184.
2, 3, 9649
What are the prime factors of 258180?
2, 3, 5, 13, 331
What are the prime factors of 4761796?
2, 13, 91573
What are the prime factors of 4430598?
2, 3, 89, 8297
What are the prime factors of 748905?
3, 5, 49927
What are the prime factors of 18183504?
2, 3, 378823
List the prime factors of 1142727.
3, 380909
What are the prime factors of 17613875?
5, 29, 43, 113
What are the prime factors of 7723106?
2, 29, 133157
What are the prime factors of 541642?
2, 270821
What are the prime factors of 277134?
2, 3, 11, 13, 17, 19
List the prime factors of 680999.
11, 61909
List the prime factors of 7805447.
13, 19, 31601
List the prime factors of 444609.
3, 11, 499
List the prime factors of 3061966.
2, 643, 2381
List the prime factors of 11004350.
2, 5, 7, 23, 1367
List the prime factors of 16607180.
2, 5, 830359
List the prime factors of 251976.
2, 3, 10499
What are the prime factors of 61884?
2, 3, 191
List the prime factors of 730455.
3, 5, 11, 19, 233
What are the prime factors of 166187?
7, 23741
List the prime factors of 6567417.
3, 729713
List the prime factors of 83730.
2, 3, 5, 2791
List the prime factors of 3243093.
3, 7, 389, 397
What are the prime factors of 461431?
17, 27143
What are the prime factors of 2076883?
47, 44189
List the prime factors of 1742251.
7, 248893
List the prime factors of 56081.
56081
List the prime factors of 466565.
5, 11, 17, 499
What are the prime factors of 624549?
3, 19, 10957
What are the prime factors of 265327?
37, 71, 101
List the prime factors of 4731081.
3, 1577027
What are the prime factors 